t is the ten thousands digit of 1454164?
5
What is the tens digit of 8724104?
0
What is the tens digit of 246266?
6
What is the thousands digit of 7840000?
0
What is the tens digit of 4281242?
4
What is the ten thousands digit of 40798?
4
What is the thousands digit of 731072?
1
What is the hundreds digit of 1004312?
3
What is the ten thousands digit of 432132?
3
What is the tens digit of 34383?
8
What is the hundred thousands digit of 3561827?
5
What is the hundreds digit of 5182494?
4
What is the hundreds digit of 4207?
2
What is the hundreds digit of 1439437?
4
What is the thousands digit of 1049289?
9
What is the tens digit of 628489?
8
What is the thousands digit of 343309?
3
What is the units digit of 203197?
7
What is the ten thousands digit of 2151079?
5
What is the thousands digit of 1314839?
4
What is the millions digit of 14293954?
4
What is the tens digit of 293869?
6
What is the units digit of 572323?
3
What is the hundred thousands digit of 3154306?
1
What is the ten millions digit of 24869562?
2
What is the units digit of 37208?
8
What is the units digit of 752915?
5
What is the units digit of 4264529?
9
What is the ten thousands digit of 585641?
8
What is the thousands digit of 7683061?
3
What is the hundreds digit of 254496?
4
What is the tens digit of 351595?
9
What is the tens digit of 117108?
0
What is the hundreds digit of 1784566?
5
What is the ten thousands digit of 59150?
5
What is the ten thousands digit of 145926?
4
What is the tens digit of 22111222?
2
What is the millions digit of 16015824?
6
What is the hundreds digit of 507992?
9
What is the thousands digit of 2228831?
8
What is the ten thousands digit of 4355560?
5
What is the tens digit of 5658750?
5
What is the tens digit of 718644?
4
What is the thousands digit of 1123693?
3
What is the tens digit of 3665320?
2
What is the tens digit of 38148401?
0
What is the units digit of 7430877?
7
What is the hundreds digit of 468802?
8
What is the thousands digit of 8077802?
7
What is the units digit of 1240140?
0
What is the ten thousands digit of 1591871?
9
What is the tens digit of 182200?
0
What is the ten thousands digit of 236438?
3
What is the thousands digit of 8374723?
4
What is the thousands digit of 18636124?
6
What is the hundreds digit of 633455?
4
What is the tens digit of 440182?
8
What is the units digit of 27481925?
5
What is the ten thousands digit of 985673?
8
What is the ten thousands digit of 4277267?
7
What is the tens digit of 604061?
6
What is the hundreds digit of 26020522?
5
What is the units digit of 6712160?
0
What is the hundred thousands digit of 4294633?
2
What is the tens digit of 542488?
8
What is the thousands digit of 3330774?
0
What is the thousands digit of 21528865?
8
What is the hundred thousands digit of 1331699?
3
What is the units digit of 8421628?
8
What is the hundreds digit of 31935530?
5
What is the units digit of 16831?
1
What is the hundred thousands digit of 1461258?
4
What is the hundred thousands digit of 4043894?
0
What is the thousands digit of 4847227?
7
What is the units digit of 5088914?
4
What is the millions digit of 3069660?
3
What is the ten thousands digit of 192854?
9
What is the tens digit of 1808735?
3
What is the tens digit of 20640951?
5
What is the hundred thousands digit of 649970?
6
What is the tens digit of 65440?
4
What is the thousands digit of 310238?
0
What is the hundreds digit of 517123?
1
What is the hundreds digit of 6521015?
0
What is the tens digit of 8403481?
8
What is the ten thousands digit of 229673?
2
What is the hundreds digit of 63268?
2
What is the hundreds digit of 417356?
3
What is the ten thousands digit of 3726006?
2
What is the hundreds digit of 36507892?
8
What is the hundreds digit of 18198886?
8
What is the hundreds digit of 27735929?
9
What is the thousands digit of 3081975?
1
What is the hundred thousands digit of 3467267?
4
What is the tens digit of 246441?
4
What is the thousands digit of 28018874?
8
What is the tens digit of 247081?
8
What is the units digit of 3359951?
1
What is the hundreds digit of 3358628?
6
What is the ten thousands digit of 1934065?
3
What is the hundred thousands digit of 162701?
1
What is the units digit of 918109?
9
What is the ten thousands digit of 14750998?
5
What is the tens digit of 420909?
0
What is the hundreds digit of 410672?
6
What is the tens digit of 1081225?
2
What is the units digit of 644782?
2
What is the ten millions digit of 26421500?
2
What is the hundreds digit of 1048925?
9
What is the ten thousands digit of 1898530?
9
What is the hundreds digit of 119165?
1
What is the tens digit of 16261676?
7
What is the hundreds digit of 672481?
4
What is the thousands digit of 5438276?
8
What is the thousands digit of 409078?
9
What is the thousands digit of 1427820?
7
What is the ten thousands digit of 4761907?
6
What is the hundreds digit of 36231123?
1
What is the thousands digit of 5645846?
5
What is the hundred thousands digit of 634911?
6
What is the tens digit of 650528?
2
What is the tens digit of 7589804?
0
What is the millions digit of 1121975?
1
What is the hundreds digit of 6260547?
5
What is the thousands digit of 4428121?
8
What is the hundred thousands digit of 231396?
2
What is the tens digit of 175927?
2
What is the ten thousands digit of 692895?
9
What is the ten thousands digit of 4670211?
7
What is the millions digit of 10972713?
0
What is the tens digit of 8522096?
9
What is the millions digit of 1771985?
1
What is the hundreds digit of 62766?
7
What is the millions digit of 1774001?
1
What is the ten thousands digit of 6091152?
9
What is the units digit of 138823?
3
What is the millions digit of 5120815?
5
What is the tens digit of 1775596?
9
What is the thousands digit of 349256?
9
What is the units digit of 327098?
8
What is the ten thousands digit of 388716?
8
What is the thousands digit of 4010197?
0
What is the thousands digit of 32569124?
9
What is the thousands digit of 787057?
7
What is the units digit of 893848?
8
What is the millions digit of 9416986?
9
What is the tens digit of 2938061?
6
What is the units digit of 1885932?
2
What is the hundreds digit of 1060011?
0
What is the ten thousands digit of 1543452?
4
What is the ten thousands digit of 742786?
4
What is the tens digit of 50460?
6
What is the hundreds digit of 389823?
8
What is the hundred thousands digit of 3233709?
2
What is the hundreds digit of 8807973?
9
What is the hundred thousands digit of 1161142?
1
What is the millions digit of 3376380?
3
What is the units digit of 243396?
6
What is the ten thousands digit of 2443488?
4
What is the ten thousands digit of 13317?
1
What is the millions digit of 4728887?
4
What is the ten thousands digit of 18565383?
6
What is the millions digit of 2026457?
2
What is the ten thousands digit of 2787986?
8
What is the units digit of 5252197?
7
What is the thousands digit of 495095?
5
What is the tens digit of 604892?
9
What is the ten thousands digit of 336345?
3
What is the ten thousands digit of 991759?
9
What is the millions digit of 1176372?
1
What is the units digit of 41841?
1
What is the hundreds digit of 16356502?
5
What is the ten thousands digit of 1892276?
9
What is the units digit of 1708618?
8
What is the hundreds digit of 737828?
8
What is the thousands digit of 293120?
3
What is the units digit of 16894533?
3
What is the units digit of 915132?
2
What is the units digit of 137629?
9
What is the units digit of 217153?
3
What is the tens digit of 3120892?
9
What is the tens digit of 516029?
2
What is the tens digit of 16406?
0
What is the thousands digit of 354397?
4
What is the tens digit of 3046712?
1
What is the units digit of 739314?
4
What is the thousands digit of 4610903?
0
What is the millions digit of 3249341?
3
What is the thousands digit of 1861392?
1
What is the hundreds digit of 113495?
4
What is the hundreds digit of 1146584?
5
What is the hundreds digit of 468702?
7
What is the tens digit of 2599119?
1
What is the units digit of 6197?
7
What is the ten thousands digit of 887137?
8
What is the hundred thousands digit of 1640650?
6
What is the thousands digit of 15592?
5
What is the units digit of 713776?
6
What is the thousands digit of 1575239?
5
What is the ten thousands digi